{"id":992,"date":"2021-05-03T16:10:44","date_gmt":"2021-05-03T16:10:44","guid":{"rendered":"https:\/\/hotelraudaskrida.is\/?page_id=992"},"modified":"2021-05-16T13:35:53","modified_gmt":"2021-05-16T13:35:53","slug":"almenn-stefna","status":"publish","type":"page","link":"https:\/\/hotelraudaskrida.is\/is\/almenn-stefna\/","title":{"rendered":"Almenn stefna"},"content":{"rendered":"\n<p><strong>H\u00f3tel Rau\u00f0askri\u00f0a<\/strong><\/p>\n\n\n\n<ul class=\"wp-block-list\"><li>uppfyllir \u00f6ll skilyr\u00f0i var\u00f0andi l\u00f6g og regluger\u00f0ir sem eiga vi\u00f0 starfsemina og hefur \u00f6ll leyfi sem krafist er \u00e1 hverjum t\u00edma til a\u00f0 stunda \u00fe\u00e1 starfsemi.&nbsp;<\/li><li>er fer\u00f0a\u00fej\u00f3nustufyrirt\u00e6ki sem b\u00fd\u00f0ur upp \u00e1 gistingu, veitingar og af\u00fereyingu fyrir fer\u00f0amenn \u00e1 Nor\u00f0austurlandi.<\/li><li>hefur mikinn metna\u00f0 fyrir g\u00e6\u00f0um og veitir fyrsta flokks \u00fej\u00f3nustu til vi\u00f0skiptavina sinna og stu\u00f0lar a\u00f0 bestu m\u00f6gulegu upplifun \u00feeirra.&nbsp;<\/li><li>leitast vi\u00f0 a\u00f0 nota einungis h\u00e1g\u00e6\u00f0a hr\u00e1efni \u00far n\u00e6rumhverfi eins og m\u00f6gulegt er.<\/li><li>er fj\u00f6lskyldureki\u00f0 og vetir pers\u00f3nulega \u00fej\u00f3nustu.&nbsp;<\/li><li>tekur \u00fe\u00e1tt \u00ed n\u00e1tt\u00faru- og umhverfisvernd.&nbsp;<\/li><li>stefnir \u00e1 a\u00f0 vera \u00e6t\u00ed\u00f0 umhverfisvotta\u00f0 af vi\u00f0urkenndum a\u00f0ila.&nbsp;&nbsp;<\/li><li>leitast vi\u00f0 a\u00f0 vera samkeppnish\u00e6ft \u00e1 s\u00ednu svi\u00f0i.&nbsp;&nbsp;<\/li><li>leitast vi\u00f0 a\u00f0 auka herbergjan\u00fdtingu og lengja fer\u00f0amannat\u00edmabil \u00e1 s\u00ednu sv\u00e6\u00f0i.&nbsp;<\/li><\/ul>\n\n\n\n<p>\u00c1 H\u00f3tel Rau\u00f0uskri\u00f0u er unni\u00f0 samkv\u00e6mt si\u00f0g\u00e6\u00f0isreglum Vakans.&nbsp;<br>A\u00f0rar stefnur H\u00f3tel Rau\u00f0uskri\u00f0u l\u00fata a\u00f0 g\u00e6\u00f0um, umhverfi, \u00fej\u00f3nustu, starfsf\u00f3lki og \u00f6ryggi.&nbsp;&nbsp;<\/p>\n","protected":false},"excerpt":{"rendered":"<p>H\u00f3tel Rau\u00f0askri\u00f0a uppfyllir \u00f6ll skilyr\u00f0i var\u00f0andi l\u00f6g og regluger\u00f0ir sem eiga vi\u00f0 starfsemina og hefur \u00f6ll leyfi sem krafist er \u00e1 hverjum t\u00edma til a\u00f0 stunda \u00fe\u00e1 starfsemi.&nbsp; er fer\u00f0a\u00fej\u00f3nustufyrirt\u00e6ki sem b\u00fd\u00f0ur upp \u00e1 gistingu, veitingar og af\u00fereyingu fyrir fer\u00f0amenn \u00e1 Nor\u00f0austurlandi. hefur mikinn metna\u00f0 fyrir g\u00e6\u00f0um og veitir fyrsta flokks \u00fej\u00f3nustu til vi\u00f0skiptavina sinna<\/p>\n","protected":false},"author":1,"featured_media":0,"parent":0,"menu_order":0,"comment_status":"closed","ping_status":"closed","template":"","meta":{"footnotes":""},"class_list":["post-992","page","type-page","status-publish","hentry"],"yoast_head":"<!-- This site is optimized with the Yoast SEO plugin v26.9 - https:\/\/yoast.com\/product\/yoast-seo-wordpress\/ -->\n<title>Almenn stefna - H\u00f3tel Rau\u00f0askri\u00f0a<\/title>\n<meta name=\"robots\" content=\"index, follow, max-snippet:-1, max-image-preview:large, max-video-preview:-1\" \/>\n<link rel=\"canonical\" href=\"https:\/\/hotelraudaskrida.is\/is\/almenn-stefna\/\" \/>\n<meta property=\"og:locale\" content=\"is_IS\" \/>\n<meta property=\"og:type\" content=\"article\" \/>\n<meta property=\"og:title\" content=\"Almenn stefna - H\u00f3tel Rau\u00f0askri\u00f0a\" \/>\n<meta property=\"og:description\" content=\"H\u00f3tel Rau\u00f0askri\u00f0a uppfyllir \u00f6ll skilyr\u00f0i var\u00f0andi l\u00f6g og regluger\u00f0ir sem eiga vi\u00f0 starfsemina og hefur \u00f6ll leyfi sem krafist er \u00e1 hverjum t\u00edma til a\u00f0 stunda \u00fe\u00e1 starfsemi.&nbsp; er fer\u00f0a\u00fej\u00f3nustufyrirt\u00e6ki sem b\u00fd\u00f0ur upp \u00e1 gistingu, veitingar og af\u00fereyingu fyrir fer\u00f0amenn \u00e1 Nor\u00f0austurlandi. hefur mikinn metna\u00f0 fyrir g\u00e6\u00f0um og veitir fyrsta flokks \u00fej\u00f3nustu til vi\u00f0skiptavina sinna\" \/>\n<meta property=\"og:url\" content=\"https:\/\/hotelraudaskrida.is\/is\/almenn-stefna\/\" \/>\n<meta property=\"og:site_name\" content=\"H\u00f3tel Rau\u00f0askri\u00f0a\" \/>\n<meta property=\"article:modified_time\" content=\"2021-05-16T13:35:53+00:00\" \/>\n<meta name=\"twitter:card\" content=\"summary_large_image\" \/>\n<meta name=\"twitter:label1\" content=\"Est. reading time\" \/>\n\t<meta name=\"twitter:data1\" content=\"1 minute\" \/>\n<script type=\"application\/ld+json\" class=\"yoast-schema-graph\">{\"@context\":\"https:\/\/schema.org\",\"@graph\":[{\"@type\":\"WebPage\",\"@id\":\"https:\/\/hotelraudaskrida.is\/is\/almenn-stefna\/\",\"url\":\"https:\/\/hotelraudaskrida.is\/is\/almenn-stefna\/\",\"name\":\"Almenn stefna - H\u00f3tel Rau\u00f0askri\u00f0a\",\"isPartOf\":{\"@id\":\"https:\/\/hotelraudaskrida.is\/is\/#website\"},\"datePublished\":\"2021-05-03T16:10:44+00:00\",\"dateModified\":\"2021-05-16T13:35:53+00:00\",\"breadcrumb\":{\"@id\":\"https:\/\/hotelraudaskrida.is\/is\/almenn-stefna\/#breadcrumb\"},\"inLanguage\":\"is\",\"potentialAction\":[{\"@type\":\"ReadAction\",\"target\":[\"https:\/\/hotelraudaskrida.is\/is\/almenn-stefna\/\"]}]},{\"@type\":\"BreadcrumbList\",\"@id\":\"https:\/\/hotelraudaskrida.is\/is\/almenn-stefna\/#breadcrumb\",\"itemListElement\":[{\"@type\":\"ListItem\",\"position\":1,\"name\":\"Home\",\"item\":\"https:\/\/hotelraudaskrida.is\/is\/\"},{\"@type\":\"ListItem\",\"position\":2,\"name\":\"Almenn stefna\"}]},{\"@type\":\"WebSite\",\"@id\":\"https:\/\/hotelraudaskrida.is\/is\/#website\",\"url\":\"https:\/\/hotelraudaskrida.is\/is\/\",\"name\":\"H\u00f3tel Rau\u00f0askri\u00f0a\",\"description\":\"Veri\u00f0 velkomin\",\"publisher\":{\"@id\":\"https:\/\/hotelraudaskrida.is\/is\/#organization\"},\"potentialAction\":[{\"@type\":\"SearchAction\",\"target\":{\"@type\":\"EntryPoint\",\"urlTemplate\":\"https:\/\/hotelraudaskrida.is\/is\/?s={search_term_string}\"},\"query-input\":{\"@type\":\"PropertyValueSpecification\",\"valueRequired\":true,\"valueName\":\"search_term_string\"}}],\"inLanguage\":\"is\"},{\"@type\":\"Organization\",\"@id\":\"https:\/\/hotelraudaskrida.is\/is\/#organization\",\"name\":\"H\u00f3tel Rau\u00f0askri\u00f0a\",\"url\":\"https:\/\/hotelraudaskrida.is\/is\/\",\"logo\":{\"@type\":\"ImageObject\",\"inLanguage\":\"is\",\"@id\":\"https:\/\/hotelraudaskrida.is\/is\/#\/schema\/logo\/image\/\",\"url\":\"https:\/\/hotelraudaskrida.is\/wp-content\/uploads\/2016\/01\/Raudaskrida_logo.png\",\"contentUrl\":\"https:\/\/hotelraudaskrida.is\/wp-content\/uploads\/2016\/01\/Raudaskrida_logo.png\",\"width\":600,\"height\":225,\"caption\":\"H\u00f3tel Rau\u00f0askri\u00f0a\"},\"image\":{\"@id\":\"https:\/\/hotelraudaskrida.is\/is\/#\/schema\/logo\/image\/\"},\"sameAs\":[\"https:\/\/www.instagram.com\/hotelraudaskrida\/\"]}]}<\/script>\n<!-- \/ Yoast SEO plugin. -->","yoast_head_json":{"title":"Almenn stefna - H\u00f3tel Rau\u00f0askri\u00f0a","robots":{"index":"index","follow":"follow","max-snippet":"max-snippet:-1","max-image-preview":"max-image-preview:large","max-video-preview":"max-video-preview:-1"},"canonical":"https:\/\/hotelraudaskrida.is\/is\/almenn-stefna\/","og_locale":"is_IS","og_type":"article","og_title":"Almenn stefna - H\u00f3tel Rau\u00f0askri\u00f0a","og_description":"H\u00f3tel Rau\u00f0askri\u00f0a uppfyllir \u00f6ll skilyr\u00f0i var\u00f0andi l\u00f6g og regluger\u00f0ir sem eiga vi\u00f0 starfsemina og hefur \u00f6ll leyfi sem krafist er \u00e1 hverjum t\u00edma til a\u00f0 stunda \u00fe\u00e1 starfsemi.&nbsp; er fer\u00f0a\u00fej\u00f3nustufyrirt\u00e6ki sem b\u00fd\u00f0ur upp \u00e1 gistingu, veitingar og af\u00fereyingu fyrir fer\u00f0amenn \u00e1 Nor\u00f0austurlandi. hefur mikinn metna\u00f0 fyrir g\u00e6\u00f0um og veitir fyrsta flokks \u00fej\u00f3nustu til vi\u00f0skiptavina sinna","og_url":"https:\/\/hotelraudaskrida.is\/is\/almenn-stefna\/","og_site_name":"H\u00f3tel Rau\u00f0askri\u00f0a","article_modified_time":"2021-05-16T13:35:53+00:00","twitter_card":"summary_large_image","twitter_misc":{"Est. reading time":"1 minute"},"schema":{"@context":"https:\/\/schema.org","@graph":[{"@type":"WebPage","@id":"https:\/\/hotelraudaskrida.is\/is\/almenn-stefna\/","url":"https:\/\/hotelraudaskrida.is\/is\/almenn-stefna\/","name":"Almenn stefna - H\u00f3tel Rau\u00f0askri\u00f0a","isPartOf":{"@id":"https:\/\/hotelraudaskrida.is\/is\/#website"},"datePublished":"2021-05-03T16:10:44+00:00","dateModified":"2021-05-16T13:35:53+00:00","breadcrumb":{"@id":"https:\/\/hotelraudaskrida.is\/is\/almenn-stefna\/#breadcrumb"},"inLanguage":"is","potentialAction":[{"@type":"ReadAction","target":["https:\/\/hotelraudaskrida.is\/is\/almenn-stefna\/"]}]},{"@type":"BreadcrumbList","@id":"https:\/\/hotelraudaskrida.is\/is\/almenn-stefna\/#breadcrumb","itemListElement":[{"@type":"ListItem","position":1,"name":"Home","item":"https:\/\/hotelraudaskrida.is\/is\/"},{"@type":"ListItem","position":2,"name":"Almenn stefna"}]},{"@type":"WebSite","@id":"https:\/\/hotelraudaskrida.is\/is\/#website","url":"https:\/\/hotelraudaskrida.is\/is\/","name":"H\u00f3tel Rau\u00f0askri\u00f0a","description":"Veri\u00f0 velkomin","publisher":{"@id":"https:\/\/hotelraudaskrida.is\/is\/#organization"},"potentialAction":[{"@type":"SearchAction","target":{"@type":"EntryPoint","urlTemplate":"https:\/\/hotelraudaskrida.is\/is\/?s={search_term_string}"},"query-input":{"@type":"PropertyValueSpecification","valueRequired":true,"valueName":"search_term_string"}}],"inLanguage":"is"},{"@type":"Organization","@id":"https:\/\/hotelraudaskrida.is\/is\/#organization","name":"H\u00f3tel Rau\u00f0askri\u00f0a","url":"https:\/\/hotelraudaskrida.is\/is\/","logo":{"@type":"ImageObject","inLanguage":"is","@id":"https:\/\/hotelraudaskrida.is\/is\/#\/schema\/logo\/image\/","url":"https:\/\/hotelraudaskrida.is\/wp-content\/uploads\/2016\/01\/Raudaskrida_logo.png","contentUrl":"https:\/\/hotelraudaskrida.is\/wp-content\/uploads\/2016\/01\/Raudaskrida_logo.png","width":600,"height":225,"caption":"H\u00f3tel Rau\u00f0askri\u00f0a"},"image":{"@id":"https:\/\/hotelraudaskrida.is\/is\/#\/schema\/logo\/image\/"},"sameAs":["https:\/\/www.instagram.com\/hotelraudaskrida\/"]}]}},"_links":{"self":[{"href":"https:\/\/hotelraudaskrida.is\/is\/wp-json\/wp\/v2\/pages\/992","targetHints":{"allow":["GET"]}}],"collection":[{"href":"https:\/\/hotelraudaskrida.is\/is\/wp-json\/wp\/v2\/pages"}],"about":[{"href":"https:\/\/hotelraudaskrida.is\/is\/wp-json\/wp\/v2\/types\/page"}],"author":[{"embeddable":true,"href":"https:\/\/hotelraudaskrida.is\/is\/wp-json\/wp\/v2\/users\/1"}],"replies":[{"embeddable":true,"href":"https:\/\/hotelraudaskrida.is\/is\/wp-json\/wp\/v2\/comments?post=992"}],"version-history":[{"count":10,"href":"https:\/\/hotelraudaskrida.is\/is\/wp-json\/wp\/v2\/pages\/992\/revisions"}],"predecessor-version":[{"id":1244,"href":"https:\/\/hotelraudaskrida.is\/is\/wp-json\/wp\/v2\/pages\/992\/revisions\/1244"}],"wp:attachment":[{"href":"https:\/\/hotelraudaskrida.is\/is\/wp-json\/wp\/v2\/media?parent=992"}],"curies":[{"name":"wp","href":"https:\/\/api.w.org\/{rel}","templated":true}]}}

<p><strong>Hótel Rauðaskriða</strong></p>



<ul class="wp-block-list"><li>uppfyllir öll skilyrði varðandi lög og reglugerðir sem eiga við starfsemina og hefur öll leyfi sem krafist er á hverjum tíma til að stunda þá starfsemi.&nbsp;</li><li>er ferðaþjónustufyrirtæki sem býður upp á gistingu, veitingar og afþreyingu fyrir ferðamenn á Norðausturlandi.</li><li>hefur mikinn metnað fyrir gæðum og veitir fyrsta flokks þjónustu til viðskiptavina sinna og stuðlar að bestu mögulegu upplifun þeirra.&nbsp;</li><li>leitast við að nota einungis hágæða hráefni úr nærumhverfi eins og mögulegt er.</li><li>er fjölskyldurekið og vetir persónulega þjónustu.&nbsp;</li><li>tekur þátt í náttúru- og umhverfisvernd.&nbsp;</li><li>stefnir á að vera ætíð umhverfisvottað af viðurkenndum aðila.&nbsp;&nbsp;</li><li>leitast við að vera samkeppnishæft á sínu sviði.&nbsp;&nbsp;</li><li>leitast við að auka herbergjanýtingu og lengja ferðamannatímabil á sínu svæði.&nbsp;</li></ul>



<p>Á Hótel Rauðuskriðu er unnið samkvæmt siðgæðisreglum Vakans.&nbsp;<br>Aðrar stefnur Hótel Rauðuskriðu lúta að gæðum, umhverfi, þjónustu, starfsfólki og öryggi.&nbsp;&nbsp;</p>

<p>Hótel Rauðaskriða uppfyllir öll skilyrði varðandi lög og reglugerðir sem eiga við starfsemina og hefur öll leyfi sem krafist er á hverjum tíma til að stunda þá starfsemi.&nbsp; er ferðaþjónustufyrirtæki sem býður upp á gistingu, veitingar og afþreyingu fyrir ferðamenn á Norðausturlandi. hefur mikinn metnað fyrir gæðum og veitir fyrsta flokks þjónustu til viðskiptavina sinna</p>

<!-- This site is optimized with the Yoast SEO plugin v26.9 - https://yoast.com/product/yoast-seo-wordpress/ -->
<title>Almenn stefna - Hótel Rauðaskriða</title>
<meta name="robots" content="index, follow, max-snippet:-1, max-image-preview:large, max-video-preview:-1" />
<link rel="canonical" href="https://hotelraudaskrida.is/is/almenn-stefna/" />
<meta property="og:locale" content="is_IS" />
<meta property="og:type" content="article" />
<meta property="og:title" content="Almenn stefna - Hótel Rauðaskriða" />
<meta property="og:description" content="Hótel Rauðaskriða uppfyllir öll skilyrði varðandi lög og reglugerðir sem eiga við starfsemina og hefur öll leyfi sem krafist er á hverjum tíma til að stunda þá starfsemi.&nbsp; er ferðaþjónustufyrirtæki sem býður upp á gistingu, veitingar og afþreyingu fyrir ferðamenn á Norðausturlandi. hefur mikinn metnað fyrir gæðum og veitir fyrsta flokks þjónustu til viðskiptavina sinna" />
<meta property="og:url" content="https://hotelraudaskrida.is/is/almenn-stefna/" />
<meta property="og:site_name" content="Hótel Rauðaskriða" />
<meta property="article:modified_time" content="2021-05-16T13:35:53+00:00" />
<meta name="twitter:card" content="summary_large_image" />
<meta name="twitter:label1" content="Est. reading time" />
	<meta name="twitter:data1" content="1 minute" />
<script type="application/ld+json" class="yoast-schema-graph">{"@context":"https://schema.org","@graph":[{"@type":"WebPage","@id":"https://hotelraudaskrida.is/is/almenn-stefna/","url":"https://hotelraudaskrida.is/is/almenn-stefna/","name":"Almenn stefna - Hótel Rauðaskriða","isPartOf":{"@id":"https://hotelraudaskrida.is/is/#website"},"datePublished":"2021-05-03T16:10:44+00:00","dateModified":"2021-05-16T13:35:53+00:00","breadcrumb":{"@id":"https://hotelraudaskrida.is/is/almenn-stefna/#breadcrumb"},"inLanguage":"is","potentialAction":[{"@type":"ReadAction","target":["https://hotelraudaskrida.is/is/almenn-stefna/"]}]},{"@type":"BreadcrumbList","@id":"https://hotelraudaskrida.is/is/almenn-stefna/#breadcrumb","itemListElement":[{"@type":"ListItem","position":1,"name":"Home","item":"https://hotelraudaskrida.is/is/"},{"@type":"ListItem","position":2,"name":"Almenn stefna"}]},{"@type":"WebSite","@id":"https://hotelraudaskrida.is/is/#website","url":"https://hotelraudaskrida.is/is/","name":"Hótel Rauðaskriða","description":"Verið velkomin","publisher":{"@id":"https://hotelraudaskrida.is/is/#organization"},"potentialAction":[{"@type":"SearchAction","target":{"@type":"EntryPoint","urlTemplate":"https://hotelraudaskrida.is/is/?s={search_term_string}"},"query-input":{"@type":"PropertyValueSpecification","valueRequired":true,"valueName":"search_term_string"}}],"inLanguage":"is"},{"@type":"Organization","@id":"https://hotelraudaskrida.is/is/#organization","name":"Hótel Rauðaskriða","url":"https://hotelraudaskrida.is/is/","logo":{"@type":"ImageObject","inLanguage":"is","@id":"https://hotelraudaskrida.is/is/#/schema/logo/image/","url":"https://hotelraudaskrida.is/wp-content/uploads/2016/01/Raudaskrida_logo.png","contentUrl":"https://hotelraudaskrida.is/wp-content/uploads/2016/01/Raudaskrida_logo.png","width":600,"height":225,"caption":"Hótel Rauðaskriða"},"image":{"@id":"https://hotelraudaskrida.is/is/#/schema/logo/image/"},"sameAs":["https://www.instagram.com/hotelraudaskrida/"]}]}</script>
<!-- / Yoast SEO plugin. -->

Almenn stefna - Hótel Rauðaskriða

Hótel Rauðaskriða uppfyllir öll skilyrði varðandi lög og reglugerðir sem eiga við starfsemina og hefur öll leyfi sem krafist er á hverjum tíma til að stunda þá starfsemi.&nbsp; er ferðaþjónustufyrirtæki sem býður upp á gistingu, veitingar og afþreyingu fyrir ferðamenn á Norðausturlandi. hefur mikinn metnað fyrir gæðum og veitir fyrsta flokks þjónustu til viðskiptavina sinna

Hótel Rauðaskriða

Verið velkomin
